
Calculate the remainder when 294 is divided by 109.
76
What is the remainder when 110 is divided by 90?
20
What is the remainder when 13235 is divided by 7?
5
Calculate the remainder when 225 is divided by 3.
0
Calculate the remainder when 1846 is divided by 14.
12
What is the remainder when 5290 is divided by 123?
1
Calculate the remainder when 1588 is divided by 106.
104
What is the remainder when 296 is divided by 25?
21
What is the remainder when 152 is divided by 12?
8
What is the remainder when 857 is divided by 33?
32
Calculate the remainder when 153 is divided by 43.
24
Calculate the remainder when 145 is divided by 9.
1
What is the remainder when 63 is divided by 39?
24
Calculate the remainder when 660 is divided by 216.
12
Calculate the remainder when 99 is divided by 35.
29
What is the remainder when 426 is divided by 24?
18
Calculate the remainder when 143 is divided by 24.
23
Calculate the remainder when 27 is divided by 7.
6
Calculate the remainder when 420 is divided by 296.
124
Calculate the remainder when 1070 is divided by 23.
12
What is the remainder when 1291 is divided by 1289?
2
Calculate the remainder when 1045 is divided by 35.
30
What is the remainder when 79 is divided by 17?
11
Calculate the remainder when 29884 is divided by 143.
140
Calculate the remainder when 488 is divided by 70.
68
Calculate the remainder when 1147 is divided by 193.
182
Calculate the remainder when 1146 is divided by 18.
12
What is the remainder when 128 is divided by 35?
23
Calculate the remainder when 108 is divided by 68.
40
What is the remainder when 344 is divided by 116?
112
Calculate the remainder when 420 is divided by 17.
12
Calculate the remainder when 223 is divided by 33.
25
Calculate the remainder when 363 is divided by 360.
3
Calculate the remainder when 362 is divided by 138.
86
Calculate the remainder when 174 is divided by 64.
46
What is the remainder when 418 is divided by 84?
82
Calculate the remainder when 1251 is divided by 31.
11
Calculate the remainder when 211 is divided by 78.
55
Calculate the remainder when 423 is divided by 6.
3
Calculate the remainder when 476 is divided by 227.
22
Calculate the remainder when 9203 is divided by 59.
58
What is the remainder when 7979 is divided by 190?
189
Calculate the remainder when 213 is divided by 43.
41
What is the remainder when 685 is divided by 186?
127
Calculate the remainder when 867 is divided by 7.
6
Calculate the remainder when 3131 is divided by 104.
11
Calculate the remainder when 8733 is divided by 12.
9
Calculate the remainder when 142 is divided by 11.
10
Calculate the remainder when 129 is divided by 28.
17
What is the remainder when 384 is divided by 9?
6
What is the remainder when 71 is divided by 18?
17
Calculate the remainder when 992 is divided by 50.
42
What is the remainder when 570 is divided by 151?
117
What is the remainder when 98 is divided by 76?
22
Calculate the remainder when 222 is divided by 14.
12
What is the remainder when 2098 is divided by 412?
38
What is the remainder when 688 is divided by 63?
58
What is the remainder when 4101 is divided by 38?
35
What is the remainder when 126 is divided by 23?
11
Calculate the remainder when 194 is divided by 50.
44
Calculate the remainder when 76 is divided by 63.
13
What is the remainder when 82 is divided by 15?
7
Calculate the remainder when 92 is divided by 19.
16
What is the remainder when 738 is divided by 213?
99
What is the remainder when 133 is divided by 75?
58
Calculate the remainder when 386 is divided by 41.
17
Calculate the remainder when 160 is divided by 35.
20
What is the remainder when 202 is divided by 34?
32
Calculate the remainder when 573 is divided by 18.
15
What is the remainder when 878 is divided by 72?
14
What is the remainder when 428 is divided by 38?
10
What is the remainder when 54 is divided by 25?
4
Calculate the remainder when 12372 is divided by 25.
22
Calculate the remainder when 168 is divided by 4.
0
What is the remainder when 128 is divided by 40?
8
Calculate the remainder when 1239 is divided by 69.
66
Calculate the remainder when 6210 is divided by 620.
10
Calculate the remainder when 985 is divided by 15.
10
What is the remainder when 1852 is divided by 898?
56
Calculate the remainder when 118 is divided by 53.
12
What is the remainder when 656 is divided by 51?
44
What is the remainder when 141 is divided by 122?
19
What is the remainder when 161 is divided by 45?
26
What is the remainder when 215 is divided by 111?
104
What is the remainder when 5492 is divided by 2737?
18
Calculate the remainder when 7293 is divided by 365.
358
What is the remainder when 101 is divided by 24?
5
What is the remainder when 246 is divided by 83?
80
What is the remainder when 746 is divided by 22?
20
What is the remainder when 827 is divided by 10?
7
Calculate the remainder when 169 is divided by 58.
53
What is the remainder when 743 is divided by 186?
185
What is the remainder when 953 is divided by 5?
3
What is the remainder when 282 is divided by 52?
22
Calculate the remainder when 515 is divided by 74.
71
Calculate the remainder when 138 is divided by 47.
44
What is the remainder when 152 is divided by 4?
0
Calculate the remainder when 425 is divided by 22.
7
What is the remainder when 193 is divided by 15?
13
Calculate the remainder when 559 is divided by 206.
147
Calculate the remainder when 288 is divided by 134.
20
Calculate the remainder when 268 is divided by 54.
52
Calculate the remainder when 42149 is divided by 10.
9
What is the remainder when 10165 is divided by 25?
15
Calculate the remainder when 440 is divided by 72.
8
What is the remainder when 1453 is divided by 288?
13
What is the remainder when 347 is divided by 2?
1
What is the remainder when 770 is divided by 307?
156
Calculate the remainder when 118 is divided by 25.
18
What is the remainder when 205 is divided by 110?
95
Calculate the remainder when 187 is divided by 10.
7
What is the remainder when 945 is divided by 22?
21
What is the remainder when 266 is divided by 10?
6
Calculate the remainder when 160 is divided by 97.
63
Calculate the remainder when 453 is divided by 115.
108
Calculate the remainder when 3194 is divided by 75.
44
What is the remainder when 1242 is divided by 178?
174
Calculate the remainder when 150 is divided by 18.
6
Calculate the remainder when 113 is divided by 33.
14
What is the remainder when 3792 is divided by 4?
0
Calculate the remainder when 42 is divided by 25.
17
What is the remainder when 3384 is divided by 28?
24
What is the remainder when 515 is divided by 47?
45
Calculate the remainder when 39 is divided by 25.
14
Calculate the remainder when 64 is divided by 13.
12
Calculate the remainder when 1328 is divided by 12.
8
What is the remainder when 4514 is divided by 62?
50
Calculate the remainder when 337 is divided by 332.
5
What is the remainder when 594 is divided by 265?
64
Calculate the remainder when 1033 is divided by 36.
25
What is the remainder when 98 is divided by 51?
47
What is the remainder when 2090 is divided by 60?
50
Calculate the remainder when 165 is divided by 54.
3
Calculate the remainder when 83 is divided by 10.
3
What is the remainder when 373 is divided by 57?
31
Calculate the remainder when 1749 is divided by 103.
101
Calculate the remainder when 5678 is divided by 71.
69
Calculate the remainder when 3488 is divided by 20.
8
Calculate the remainder when 623 is divided by 16.
15
What is the remainder when 554 is divided by 28?
22
Calculate the remainder when 627 is divided by 189.
60
Calculate the remainder when 101 is divided by 46.
9
Calculate the remainder when 595 is divided by 49.
7
What is the remainder when 1629 is divided by 407?
1
Calculate the remainder when 206 is divided by 43.
34
What is the remainder when 104 is divided by 53?
51
Calculate the remainder when 864 is divided by 51.
48
Calculate the remainder when 285 is divided by 49.
40
Calculate the remainder when 1196 is divided by 18.
8
What is the remainder when 3703 is divided by 2?
1
Calculate the remainder when 93 is divided by 49.
44
What is the remainder when 415 is divided by 16?
15
Calculate the remainder when 1766 is divided by 10.
6
What is the remainder when 169 i